 b(-12). Let c be (-6)/(-2) - (x + -5). What is the greatest common divisor of c and 2?
2
Suppose -r = 5*z - 290 + 92, -4*z - 3*r = -154. Suppose -9 = -20*p + 391. Calculate the highest common factor of z and p.
20
Let l(o) = o**2 + 4*o + 4. Let h be l(-6). Suppose -4*a - a - 25 = 0, 0 = 2*s + 4*a - h. Suppose -4*k = -10 - s. What is the highest common factor of k and 21?
7
Let a be 44/2 - (-3 + -1). Calculate the greatest common divisor of 2 and a.
2
Let y = 7 - 4. Suppose -u - y*u = -88. Calculate the highest common factor of u and 22.
22
Let r(k) = 6*k - 12. Let v be r(8). Calculate the highest common factor of v and 60.
12
Suppose 3*a - 14 = a. What is the highest common divisor of a and 1?
1
Suppose 5*s - 2*k = 0, -2*s - 3*k + 14 = -k. Suppose -42 = -s*d + 28. What is the highest common divisor of d and 14?
7
Let x(c) = c + 1. Let b(f) = -6*f - 2. Let z(d) = b(d) + 4*x(d). Let k be z(-7). What is the greatest common factor of k and 40?
8
Let l be (8/12)/((-8)/(-2124)). Suppose 5*x + 57 = l. What is the greatest common factor of x and 96?
24
Let y(x) = -x**3 - x**2 + x + 3. Let v be y(3). Let s be (-36)/(-15)*v/(-9). Calculate the greatest common factor of s and 4.
4
Let w be (-20)/30 + -1 + (-249)/(-9). What is the greatest common factor of 286 and w?
26
Let i be (-9)/27 + (-16)/6. Let t(r) = -5*r**2 + r - 1 + 2*r**2 + 4*r**2. Let n be t(i). What is the highest common divisor of n and 20?
5
Let h(i) = 4*i + 2. Suppose -87 = -u + 2*u. Let m be (-1)/4 - u/12. Let v be h(m). What is the highest common divisor of v and 6?
6
Let g = 312 + -151. What is the greatest common divisor of g and 46?
23
Suppose -384 = 30*u - 34*u. Let r = 34 + -22. What is the greatest common factor of r and u?
12
Let t = -92 - -131. Let q = -21 + 34. Calculate the greatest common factor of t and q.
13
Let a(q) be the third derivative of -q**6/30 - q**5/60 - 3*q**2. Let i be a(-1). Calculate the greatest common divisor of i and 3.
3
Let n(b) = 2*b**2 - 8*b - 10. Let z be n(8). What is the highest common divisor of z and 135?
27
Let u(m) = 2*m**2 + 3*m + 7. Let q be u(5). What is the highest common divisor of 9 and q?
9
Let x be ((-3)/6)/((-1)/2). Let v(h) = 5*h**3 + h**2 - 1. Let d be v(x). Suppose 312 = d*n + 72. Calculate the greatest common factor of n and 16.
16
Let n = -13 + 78. Calculate the greatest common divisor of n and 26.
13
Let x(t) = 6*t - 3. Let g be x(3). Let j(z) = -z**3 - 4*z**2 - 6*z**2 + 3 + 7 - 13 - 10*z. Let r be j(-9). Calculate the highest common divisor of r and g.
3
Let d = 39 - 0. Let l = -24 - -10. Let a = 27 + l. Calculate the highest common factor of d and a.
13
Suppose 28 = 5*p - 17. What is the greatest common factor of p and 45?
9
Let l = 8 - 3. Suppose -l*u - 15 = -65. What is the highest common divisor of 2 and u?
2
Suppose 0*n = -4*n + 624. Calculate the highest common factor of 12 and n.
12
Let o = 218 + -145. Suppose 2*w - o = 17. Let t = 112 - 97. What is the greatest common divisor of t and w?
15
Suppose 17 = 5*z - 5*d - 18, -5*z + 47 = -2*d. Let q be (2 - 0)*154/4. Calculate the greatest common divisor of z and q.
11
Let h = 24 + -46. Let z = -8 - h. Calculate the highest common factor of z and 42.
14
Suppose -2*n + 52 = -n. Suppose 0 = -4*w - 0*w + n. Calculate the highest common factor of 104 and w.
13
Let f(v) = -11*v - 1. Suppose 2*d + 12 = -6. Let u be f(d). Calculate the greatest common factor of u and 14.
14
Let n(r) = -r**2 + 68. Let z be n(0). Suppose 0 = -2*c - 10, 2*x - 4*c = 22 + z. What is the greatest common factor of x and 14?
7
Suppose -2*t = -5*t + 9. Suppose 0 = 5*u - 4*u - 3. What is the greatest common divisor of t and u?
3
Suppose 3*r - 29 - 2 = f, 5*r - 3*f - 53 = 0. Suppose -2*v - l = -0*l - 41, 3*l = -4*v + 83. What is the greatest common factor of r and v?
10
Let k = 1381 - 934. Let m be k/4 + 3/12. Calculate the highest common divisor of 14 and m.
14
Let h(y) = y**2 + 6*y - 19. Let i be h(-10). What is the greatest common factor of 7 and i?
7
Let f be (-41)/(-2)*-2 - 1. Let h = -30 - f. What is the highest common divisor of 48 and h?
12
Suppose -2 = o - g, -o - 1 = -2*g + 2. Let y(w) = -15*w - 1. Let m be y(o). What is the greatest common divisor of 28 and m?
14
Suppose -33*t = -34*t + 16. Calculate the highest common factor of 8 and t.
8
Suppose -184 = -k - 2*k + 4*f, -4*f = 4. Suppose 0 = 6*w - 68 + 32. Calculate the highest common divisor of k and w.
6
Let f be 21/2*6/(-9). Let p(w) = -w**3 - 8*w**2 - 6*w + 9. Let v be p(f). Suppose -66 = -v*b - b. Calculate the greatest common divisor of b and 2.
2
Suppose 4*t + 112 = 2*o - 0*t, 5*o + 4*t = 280. What is the greatest common divisor of 7 and o?
7
Let o(k) = -3*k + 5. Let b be o(-4). What is the greatest common divisor of b and 17?
17
Let f = 43 + -26. Suppose p = 3*m - 13 - 9, -f = -2*m + 3*p. What is the highest common factor of m and 28?
7
Suppose -5*h + 2*v = 4*v - 190, 0 = 5*h - 4*v - 220. Calculate the highest common divisor of h and 8.
8
Suppose 77*t - 80*t + 15 = 0. What is the greatest common divisor of 10 and t?
5
Let n(b) = -b**2 + 8*b - 9. Let c be n(6). Suppose -5*k - 4*v = 30, 2*v - 5 = c*k + 13. Let t = k - -11. What is the greatest common factor of 10 and t?
5
Let y(d) = d**3 + 3*d**2 - d + 6. Let i be y(-3). What is the highest common divisor of i and 6?
3
Let s be (-2)/(-3) + 40/(-6). Let q be (2/s)/(6/(-18)). Let b be (-20 + q)/(5/(-10)). What is the highest common divisor of 57 and b?
19
Let w = 3 + 4. Suppose 3*q + 5*g - 1 - 25 = 0, 4*q + g = 29. Calculate the greatest common divisor of w and q.
7
Suppose c = -5*j + 22, -11*c - 2 = -6*c - 3*j. What is the highest common factor of 8 and c?
2
Let m be ((-2)/(-6))/(6/144). Suppose 28 = n - 12. Calculate the greatest common factor of n and m.
8
Let o(f) = f**3 + 14*f**2 - 18*f + 4. Let s be o(-13). What is the greatest common factor of 37 and s?
37
Suppose 2*w - 3*w + 148 = 5*c, 0 = 2*w + 3*c - 275. Calculate the highest common divisor of 19 and w.
19
Let c(q) = 4*q - 2. Let w be c(5). Let m = 2 + -2. Suppose 4*f + 2*g - 358 = 0, 2*g + 2 = -m. Calculate the greatest common divisor of w and f.
18
Let q = 4 - -34. What is the highest common factor of 95 and q?
19
Suppose 0 = 5*t - 2*s - 558, s = 4*t - 2*s - 445. What is the highest common factor of t and 28?
28
Let o be (-1)/(-2)*(34 + 0). Suppose -306 = 3*a - 5*a. Suppose m + a = 2*m. Calculate the greatest common factor of m and o.
17
Let i(l) = -21*l - 4. Let y be i(-4). Let b = 4 + 6. What is the greatest common divisor of b and y?
10
Let m = 7 - -13. Let f = -5 - -9. Suppose f*q - k - 36 = -0*q, -2*q - 5*k - 4 = 0. What is the greatest common factor of q and m?
4
Let q = 2 + -2. Let d be -5*(-2 - q/2). Let y(b) = b**3 + 7*b**2 + 4*b - 5. Let c be y(-5). Calculate the greatest common factor of d and c.
5
Let f be (-24)/5*(-10)/3. Let t be ((-2604)/(-16))/((-1)/8). Let d be (-4)/6 + t/(-9). Calculate the greatest common divisor of d and f.
16
Let h(p) = p**3 - 6*p**2 + 5*p + 4. Let r be h(5). Suppose 0 = f + r*q - 58, -2*q + 26 = -2*f + 132. Calculate the highest common factor of 27 and f.
27
Suppose -7*p + p = -12. Suppose m - 30 = -p. Calculate the highest common factor of m and 28.
28
Let s = 37 + 3. Let g = -16 - -24. Calculate the highest common divisor of s and g.
8
Suppose -4 = -4*x + 8. Calculate the greatest common divisor of 6 and x.
3
Let n(r) = -r**2 + 1. Let a be (4/(-2) + 2)/(-1). Let j be n(a). Let z be (-3)/(-5) - 2/(-5). Calculate the highest common divisor of j and z.
1
Let o(t) = 5*t - 5 - t - 4. Let v be o(6). What is the greatest common divisor of v and 10?
5
Let a(u) = -u + 10. Let j be a(7). Suppose -j*z = -0*z - 27. Suppose -2*l + 90 = -0*l. What is the highest common divisor of z and l?
9
Let c(m) = -m**3 - 9*m**2 - m - 13. Let d be c(-9). Let r be (-166)/(-4) - d/8. What is the greatest common factor of 14 and r?
14
Let n(t) = -t**3 - 11*t**2 - 10*t + 7. Let i be n(-11). Calculate the highest common divisor of 13 and i.
13
Let w = 55 - 19. Let p be -2*-3*(-3)/(-6). Suppose -p*a - a = -16. What is the greatest common divisor of w and a?
4
Suppose -2*v + 39 = -11. What is the greatest common factor of 125 and v?
25
Let a(v) = v**3 + 6*v**2 - v + 6. Let f be a(-6). Calculate the greatest common divisor of 